{"id":30,"date":"2023-01-17T22:21:41","date_gmt":"2023-01-18T01:21:41","guid":{"rendered":"https:\/\/mixtoptv.com.br\/?page_id=30"},"modified":"2023-01-21T17:44:24","modified_gmt":"2023-01-21T20:44:24","slug":"seguranca","status":"publish","type":"page","link":"https:\/\/mixtoptv.com.br\/?page_id=30","title":{"rendered":"Seguran\u00e7a"},"content":{"rendered":"\n<p>Somos o servidor mais moderno, tecnol\u00f3gico e seguro do mercado, temos ferramentas \u00fanicas e exclusivas. <\/p>\n\n\n\n<p>Estamos sempre atentos as novas tecnologias de prote\u00e7\u00e3o para prestarmos o melhor produto.<\/p>\n","protected":false},"excerpt":{"rendered":"<p>Somos o servidor mais moderno, tecnol\u00f3gico e seguro do mercado, temos ferramentas \u00fanicas e exclusivas. Estamos sempre atentos as novas tecnologias de prote\u00e7\u00e3o para prestarmos o melhor produto.<\/p>\n","protected":false},"author":1,"featured_media":0,"parent":26,"menu_order":3,"comment_status":"closed","ping_status":"closed","template":"","meta":{"footnotes":""},"class_list":["post-30","page","type-page","status-publish","hentry"],"_links":{"self":[{"href":"https:\/\/mixtoptv.com.br\/index.php?rest_route=\/wp\/v2\/pages\/30","targetHints":{"allow":["GET"]}}],"collection":[{"href":"https:\/\/mixtoptv.com.br\/index.php?rest_route=\/wp\/v2\/pages"}],"about":[{"href":"https:\/\/mixtoptv.com.br\/index.php?rest_route=\/wp\/v2\/types\/page"}],"author":[{"embeddable":true,"href":"https:\/\/mixtoptv.com.br\/index.php?rest_route=\/wp\/v2\/users\/1"}],"replies":[{"embeddable":true,"href":"https:\/\/mixtoptv.com.br\/index.php?rest_route=%2Fwp%2Fv2%2Fcomments&post=30"}],"version-history":[{"count":3,"href":"https:\/\/mixtoptv.com.br\/index.php?rest_route=\/wp\/v2\/pages\/30\/revisions"}],"predecessor-version":[{"id":88,"href":"https:\/\/mixtoptv.com.br\/index.php?rest_route=\/wp\/v2\/pages\/30\/revisions\/88"}],"up":[{"embeddable":true,"href":"https:\/\/mixtoptv.com.br\/index.php?rest_route=\/wp\/v2\/pages\/26"}],"wp:attachment":[{"href":"https:\/\/mixtoptv.com.br\/index.php?rest_route=%2Fwp%2Fv2%2Fmedia&parent=30"}],"curies":[{"name":"wp","href":"https:\/\/api.w.org\/{rel}","templated":true}]}}